{"id":49,"date":"2014-05-30T23:09:11","date_gmt":"2014-05-30T21:09:11","guid":{"rendered":"http:\/\/www.weliveourlife.at\/wetter-hstein\/wordpress\/?page_id=49"},"modified":"2017-02-24T15:49:35","modified_gmt":"2017-02-24T14:49:35","slug":"stationsinfo","status":"publish","type":"page","link":"https:\/\/www.weliveourlife.at\/wetter-hstein\/wordpress\/stationsinfo\/","title":{"rendered":"Stationsinfo"},"content":{"rendered":"<p><a href=\"http:\/\/www.weliveourlife.at\/wetter-hstein\/wordpress\/wp-content\/uploads\/\u00fcbersicht-1a.jpg\"><img decoding=\"async\" loading=\"lazy\" class=\"aligncenter wp-image-292 size-full\" src=\"http:\/\/www.weliveourlife.at\/wetter-hstein\/wordpress\/wp-content\/uploads\/\u00fcbersicht-1a.jpg\" alt=\"\u00fcbersicht 1a\" width=\"570\" height=\"120\" srcset=\"https:\/\/www.weliveourlife.at\/wetter-hstein\/wordpress\/wp-content\/uploads\/\u00fcbersicht-1a.jpg 570w, https:\/\/www.weliveourlife.at\/wetter-hstein\/wordpress\/wp-content\/uploads\/\u00fcbersicht-1a-300x63.jpg 300w\" sizes=\"(max-width: 570px) 100vw, 570px\" \/><\/a>Das Wetter mit all seinen Facetten hat mich schon immer fasziniert. Daher habe ich mich im April 2011 dazu entschlossen eine private Wetterstation aufzubauen.<\/p>\n<p>Die Hauptkomponenten sind die Wetterstation des US-Herstellers Davis und die Blitzortungsanlage. Erweitert wird das ganze noch durch die Radioaktivit\u00e4tsmessung und eines Erdbebensensors. All das l\u00e4uft am Wetterrechner zusammen, der rund um die Uhr l\u00e4uft, die Daten auswertet und ins Internet stellt.<\/p>\n<p><a href=\"http:\/\/www.weliveourlife.at\/wetter-hstein\/wordpress\/wp-content\/uploads\/\u00fcbersicht-2a.jpg\"><img decoding=\"async\" loading=\"lazy\" class=\"aligncenter size-full wp-image-293\" src=\"http:\/\/www.weliveourlife.at\/wetter-hstein\/wordpress\/wp-content\/uploads\/\u00fcbersicht-2a.jpg\" alt=\"\u00fcbersicht 2a\" width=\"800\" height=\"120\" srcset=\"https:\/\/www.weliveourlife.at\/wetter-hstein\/wordpress\/wp-content\/uploads\/\u00fcbersicht-2a.jpg 800w, https:\/\/www.weliveourlife.at\/wetter-hstein\/wordpress\/wp-content\/uploads\/\u00fcbersicht-2a-300x45.jpg 300w\" sizes=\"(max-width: 800px) 100vw, 800px\" \/><\/a>Au\u00dferdem nehme ich noch am BOINC Programm teil, bei dem man die Rechenleistung seines PCs bzw. Grafikkarte zur Verf\u00fcgung stellt und an Wissenschaftlichen Projekten teilnimmt.<\/p>\n<p>Auf den folgenden Seiten erf\u00e4hrst Du mehr \u00fcber die Komponenten und die Technik meiner Wetterstation:<\/p>\n<ul>\n<li><a title=\"Standort\" href=\"http:\/\/www.weliveourlife.at\/wetter-hstein\/wordpress\/boinc\/standort\/\">Standort<\/a><\/li>\n<li><a title=\"Davis Wetterstation\" href=\"http:\/\/www.weliveourlife.at\/wetter-hstein\/wordpress\/?page_id=316\">Wetterstation Vantage Pro 2 plus<\/a><\/li>\n<li><a title=\"Regenmesserheizung\" href=\"http:\/\/www.weliveourlife.at\/wetter-hstein\/wordpress\/?page_id=339\">Regenmesserheizung<\/a><\/li>\n<li><a title=\"Blitzortung\" href=\"http:\/\/www.weliveourlife.at\/wetter-hstein\/wordpress\/bilder\/\">Blitzortung<\/a><\/li>\n<li><a title=\"Wetterrechner\" href=\"http:\/\/www.weliveourlife.at\/wetter-hstein\/wordpress\/stationsinfo\/wetterrechner\/\">Wetterrechner<\/a><\/li>\n<li><a title=\"Stromversorgung\" href=\"http:\/\/www.weliveourlife.at\/wetter-hstein\/wordpress\/stationsinfo\/stromversorgung\/\">Stromversorgung<\/a><\/li>\n<li>BOINC<\/li>\n<\/ul>\n","protected":false},"excerpt":{"rendered":"<p>Das Wetter mit all seinen Facetten hat mich schon immer fasziniert. Daher habe ich mich im April 2011 dazu entschlossen eine private Wetterstation aufzubauen. Die Hauptkomponenten sind die Wetterstation des US-Herstellers Davis und die Blitzortungsanlage. Erweitert wird das ganze noch durch die Radioaktivit\u00e4tsmessung und eines Erdbebensensors. All das l\u00e4uft am\u2026<\/p>\n<p class=\"continue-reading-button\"> <a class=\"continue-reading-link\" href=\"https:\/\/www.weliveourlife.at\/wetter-hstein\/wordpress\/stationsinfo\/\">Continue reading<i class=\"crycon-right-dir\"><\/i><\/a><\/p>\n","protected":false},"author":1,"featured_media":0,"parent":0,"menu_order":9,"comment_status":"closed","ping_status":"open","template":"template-onecolumn.php","meta":{"ngg_post_thumbnail":0},"_links":{"self":[{"href":"https:\/\/www.weliveourlife.at\/wetter-hstein\/wordpress\/wp-json\/wp\/v2\/pages\/49"}],"collection":[{"href":"https:\/\/www.weliveourlife.at\/wetter-hstein\/wordpress\/wp-json\/wp\/v2\/pages"}],"about":[{"href":"https:\/\/www.weliveourlife.at\/wetter-hstein\/wordpress\/wp-json\/wp\/v2\/types\/page"}],"author":[{"embeddable":true,"href":"https:\/\/www.weliveourlife.at\/wetter-hstein\/wordpress\/wp-json\/wp\/v2\/users\/1"}],"replies":[{"embeddable":true,"href":"https:\/\/www.weliveourlife.at\/wetter-hstein\/wordpress\/wp-json\/wp\/v2\/comments?post=49"}],"version-history":[{"count":12,"href":"https:\/\/www.weliveourlife.at\/wetter-hstein\/wordpress\/wp-json\/wp\/v2\/pages\/49\/revisions"}],"predecessor-version":[{"id":1566,"href":"https:\/\/www.weliveourlife.at\/wetter-hstein\/wordpress\/wp-json\/wp\/v2\/pages\/49\/revisions\/1566"}],"wp:attachment":[{"href":"https:\/\/www.weliveourlife.at\/wetter-hstein\/wordpress\/wp-json\/wp\/v2\/media?parent=49"}],"curies":[{"name":"wp","href":"https:\/\/api.w.org\/{rel}","templated":true}]}}